{"id":5707,"date":"2019-04-29T04:36:18","date_gmt":"2019-04-29T04:36:18","guid":{"rendered":"http:\/\/www.tercermilenium.com.ar\/sitio\/?page_id=5707"},"modified":"2026-02-23T19:27:24","modified_gmt":"2026-02-23T19:27:24","slug":"jardin","status":"publish","type":"page","link":"https:\/\/www.tercermilenium.com.ar\/sitio\/jardin\/","title":{"rendered":"Jardin"},"content":{"rendered":"<p>[vc_row full_width=\u00bbstretch_row\u00bb][vc_column]<div class=\"tlg-spacer \" data-height=\"40\" data-height-tablet=\"30\" data-height-mobile=\"20\" style=\"clear:both;display:block;height:40px;\"><\/div><div class=\"headings-title  wpb_animate_when_almost_visible wpb_bottom-to-top bottom-to-top\"><div class=\"mb16 mb16 mb-xs-40 text-center\"><h5 style=\"text-transform: uppercase!important;\" class=\"widgettitle mb10\">Fotos \/ Jard\u00edn<\/h5><div style=\"color:#000000!important;padding-left:0px;text-transform: none!important;\" class=\"widgetsubtitle\">Nuestros jardines son espacios \u00fanicos al aire libre, con circuitos aer\u00f3bicos para caminar solos, junto a familiares o acompa\u00f1ados por los profesionales. Tambi\u00e9n invitan al descanso en c\u00f3modos sillones, disfrutando de la tranquilidad de ese entorno, de la luz natural, el verde y las vistas que los distinguen.<\/div><\/div><\/div>[\/vc_column][\/vc_row][vc_row el_id=\u00bbgaleria\u00bb][vc_column][vc_column_text]<div><ul class=\"row masonry masonry-show project-masonry-full hide-icon\" data-gallery-title=\"Jardin\"><li class=\"col-sm-3 masonry-item project p0 m0 plus-cursor\">\n\t\t    \t    \t\t\t\t\t<a href=\"https:\/\/www.tercermilenium.com.ar\/sitio\/wp-content\/uploads\/2026\/02\/Gemini_Generated_Image_mwhkhzmwhkhzmwhk-1-e1771453724995.png\" data-lightbox=\"true\" data-title=\"\">\n\t\t\t\t\t\t\t\t\t\t\t<div class=\"image-box hover-meta plus-cursor text-center\">\n\t\t\t\t\t\t\t\t\t\t\t    <img decoding=\"async\" src=\"https:\/\/www.tercermilenium.com.ar\/sitio\/wp-content\/uploads\/2026\/02\/Gemini_Generated_Image_mwhkhzmwhkhzmwhk-1-e1771453724995.png\" alt=\"gallery-item\" \/>\n\t\t\t\t\t\t\t\t\t\t\t    <div class=\"meta-caption\">\n\t\t\t\t\t\t\t\t\t\t\t    \t<h5 class=\"color-white to-top mb8\"><\/h5>\n\t\t\t\t\t\t\t\t\t\t\t    \t<h6 class=\"color-white to-top-after\"><\/h6>\n\t\t\t\t\t\t\t\t\t\t\t    <\/div>\n\t\t\t\t\t\t\t\t\t\t\t<\/div>\n\t\t\t\t\t\t\t\t\t\t<\/a>\n\t\t\t\t\t\t\t\t\t<\/li><li class=\"col-sm-3 masonry-item project p0 m0 plus-cursor\">\n\t\t    \t    \t\t\t\t\t<a href=\"https:\/\/www.tercermilenium.com.ar\/sitio\/wp-content\/uploads\/2026\/02\/MG_7509-Mejorado-NR-scaled.jpg\" data-lightbox=\"true\" data-title=\"\">\n\t\t\t\t\t\t\t\t\t\t\t<div class=\"image-box hover-meta plus-cursor text-center\">\n\t\t\t\t\t\t\t\t\t\t\t    <img decoding=\"async\" src=\"https:\/\/www.tercermilenium.com.ar\/sitio\/wp-content\/uploads\/2026\/02\/MG_7509-Mejorado-NR-scaled.jpg\" alt=\"gallery-item\" \/>\n\t\t\t\t\t\t\t\t\t\t\t    <div class=\"meta-caption\">\n\t\t\t\t\t\t\t\t\t\t\t    \t<h5 class=\"color-white to-top mb8\"><\/h5>\n\t\t\t\t\t\t\t\t\t\t\t    \t<h6 class=\"color-white to-top-after\"><\/h6>\n\t\t\t\t\t\t\t\t\t\t\t    <\/div>\n\t\t\t\t\t\t\t\t\t\t\t<\/div>\n\t\t\t\t\t\t\t\t\t\t<\/a>\n\t\t\t\t\t\t\t\t\t<\/li><li class=\"col-sm-3 masonry-item project p0 m0 plus-cursor\">\n\t\t    \t    \t\t\t\t\t<a href=\"https:\/\/www.tercermilenium.com.ar\/sitio\/wp-content\/uploads\/2026\/02\/MG_7523-Mejorado-NR-scaled.jpg\" data-lightbox=\"true\" data-title=\"\">\n\t\t\t\t\t\t\t\t\t\t\t<div class=\"image-box hover-meta plus-cursor text-center\">\n\t\t\t\t\t\t\t\t\t\t\t    <img decoding=\"async\" src=\"https:\/\/www.tercermilenium.com.ar\/sitio\/wp-content\/uploads\/2026\/02\/MG_7523-Mejorado-NR-scaled.jpg\" alt=\"gallery-item\" \/>\n\t\t\t\t\t\t\t\t\t\t\t    <div class=\"meta-caption\">\n\t\t\t\t\t\t\t\t\t\t\t    \t<h5 class=\"color-white to-top mb8\"><\/h5>\n\t\t\t\t\t\t\t\t\t\t\t    \t<h6 class=\"color-white to-top-after\"><\/h6>\n\t\t\t\t\t\t\t\t\t\t\t    <\/div>\n\t\t\t\t\t\t\t\t\t\t\t<\/div>\n\t\t\t\t\t\t\t\t\t\t<\/a>\n\t\t\t\t\t\t\t\t\t<\/li><li class=\"col-sm-3 masonry-item project p0 m0 plus-cursor\">\n\t\t    \t    \t\t\t\t\t<a href=\"https:\/\/www.tercermilenium.com.ar\/sitio\/wp-content\/uploads\/2019\/04\/exterior2-12.jpg\" data-lightbox=\"true\" data-title=\"\">\n\t\t\t\t\t\t\t\t\t\t\t<div class=\"image-box hover-meta plus-cursor text-center\">\n\t\t\t\t\t\t\t\t\t\t\t    <img decoding=\"async\" src=\"https:\/\/www.tercermilenium.com.ar\/sitio\/wp-content\/uploads\/2019\/04\/exterior2-12.jpg\" alt=\"gallery-item\" \/>\n\t\t\t\t\t\t\t\t\t\t\t    <div class=\"meta-caption\">\n\t\t\t\t\t\t\t\t\t\t\t    \t<h5 class=\"color-white to-top mb8\"><\/h5>\n\t\t\t\t\t\t\t\t\t\t\t    \t<h6 class=\"color-white to-top-after\"><\/h6>\n\t\t\t\t\t\t\t\t\t\t\t    <\/div>\n\t\t\t\t\t\t\t\t\t\t\t<\/div>\n\t\t\t\t\t\t\t\t\t\t<\/a>\n\t\t\t\t\t\t\t\t\t<\/li><li class=\"col-sm-3 masonry-item project p0 m0 plus-cursor\">\n\t\t    \t    \t\t\t\t\t<a href=\"https:\/\/www.tercermilenium.com.ar\/sitio\/wp-content\/uploads\/2026\/02\/MG_7512-Editar-scaled.jpg\" data-lightbox=\"true\" data-title=\"\">\n\t\t\t\t\t\t\t\t\t\t\t<div class=\"image-box hover-meta plus-cursor text-center\">\n\t\t\t\t\t\t\t\t\t\t\t    <img decoding=\"async\" src=\"https:\/\/www.tercermilenium.com.ar\/sitio\/wp-content\/uploads\/2026\/02\/MG_7512-Editar-scaled.jpg\" alt=\"gallery-item\" \/>\n\t\t\t\t\t\t\t\t\t\t\t    <div class=\"meta-caption\">\n\t\t\t\t\t\t\t\t\t\t\t    \t<h5 class=\"color-white to-top mb8\"><\/h5>\n\t\t\t\t\t\t\t\t\t\t\t    \t<h6 class=\"color-white to-top-after\"><\/h6>\n\t\t\t\t\t\t\t\t\t\t\t    <\/div>\n\t\t\t\t\t\t\t\t\t\t\t<\/div>\n\t\t\t\t\t\t\t\t\t\t<\/a>\n\t\t\t\t\t\t\t\t\t<\/li><li class=\"col-sm-3 masonry-item project p0 m0 plus-cursor\">\n\t\t    \t    \t\t\t\t\t<a href=\"https:\/\/www.tercermilenium.com.ar\/sitio\/wp-content\/uploads\/2019\/04\/exterior2-5.jpg\" data-lightbox=\"true\" data-title=\"\">\n\t\t\t\t\t\t\t\t\t\t\t<div class=\"image-box hover-meta plus-cursor text-center\">\n\t\t\t\t\t\t\t\t\t\t\t    <img decoding=\"async\" src=\"https:\/\/www.tercermilenium.com.ar\/sitio\/wp-content\/uploads\/2019\/04\/exterior2-5.jpg\" alt=\"gallery-item\" \/>\n\t\t\t\t\t\t\t\t\t\t\t    <div class=\"meta-caption\">\n\t\t\t\t\t\t\t\t\t\t\t    \t<h5 class=\"color-white to-top mb8\"><\/h5>\n\t\t\t\t\t\t\t\t\t\t\t    \t<h6 class=\"color-white to-top-after\"><\/h6>\n\t\t\t\t\t\t\t\t\t\t\t    <\/div>\n\t\t\t\t\t\t\t\t\t\t\t<\/div>\n\t\t\t\t\t\t\t\t\t\t<\/a>\n\t\t\t\t\t\t\t\t\t<\/li><li class=\"col-sm-3 masonry-item project p0 m0 plus-cursor\">\n\t\t    \t    \t\t\t\t\t<a href=\"https:\/\/www.tercermilenium.com.ar\/sitio\/wp-content\/uploads\/2026\/02\/Render-1.png\" data-lightbox=\"true\" data-title=\"\">\n\t\t\t\t\t\t\t\t\t\t\t<div class=\"image-box hover-meta plus-cursor text-center\">\n\t\t\t\t\t\t\t\t\t\t\t    <img decoding=\"async\" src=\"https:\/\/www.tercermilenium.com.ar\/sitio\/wp-content\/uploads\/2026\/02\/Render-1.png\" alt=\"gallery-item\" \/>\n\t\t\t\t\t\t\t\t\t\t\t    <div class=\"meta-caption\">\n\t\t\t\t\t\t\t\t\t\t\t    \t<h5 class=\"color-white to-top mb8\"><\/h5>\n\t\t\t\t\t\t\t\t\t\t\t    \t<h6 class=\"color-white to-top-after\"><\/h6>\n\t\t\t\t\t\t\t\t\t\t\t    <\/div>\n\t\t\t\t\t\t\t\t\t\t\t<\/div>\n\t\t\t\t\t\t\t\t\t\t<\/a>\n\t\t\t\t\t\t\t\t\t<\/li><li class=\"col-sm-3 masonry-item project p0 m0 plus-cursor\">\n\t\t    \t    \t\t\t\t\t<a href=\"https:\/\/www.tercermilenium.com.ar\/sitio\/wp-content\/uploads\/2026\/02\/render-3.png\" data-lightbox=\"true\" data-title=\"\">\n\t\t\t\t\t\t\t\t\t\t\t<div class=\"image-box hover-meta plus-cursor text-center\">\n\t\t\t\t\t\t\t\t\t\t\t    <img decoding=\"async\" src=\"https:\/\/www.tercermilenium.com.ar\/sitio\/wp-content\/uploads\/2026\/02\/render-3.png\" alt=\"gallery-item\" \/>\n\t\t\t\t\t\t\t\t\t\t\t    <div class=\"meta-caption\">\n\t\t\t\t\t\t\t\t\t\t\t    \t<h5 class=\"color-white to-top mb8\"><\/h5>\n\t\t\t\t\t\t\t\t\t\t\t    \t<h6 class=\"color-white to-top-after\"><\/h6>\n\t\t\t\t\t\t\t\t\t\t\t    <\/div>\n\t\t\t\t\t\t\t\t\t\t\t<\/div>\n\t\t\t\t\t\t\t\t\t\t<\/a>\n\t\t\t\t\t\t\t\t\t<\/li><li class=\"col-sm-3 masonry-item project p0 m0 plus-cursor\">\n\t\t    \t    \t\t\t\t\t<a href=\"https:\/\/www.tercermilenium.com.ar\/sitio\/wp-content\/uploads\/2026\/02\/PARQUE3-scaled.jpg\" data-lightbox=\"true\" data-title=\"\">\n\t\t\t\t\t\t\t\t\t\t\t<div class=\"image-box hover-meta plus-cursor text-center\">\n\t\t\t\t\t\t\t\t\t\t\t    <img decoding=\"async\" src=\"https:\/\/www.tercermilenium.com.ar\/sitio\/wp-content\/uploads\/2026\/02\/PARQUE3-scaled.jpg\" alt=\"gallery-item\" \/>\n\t\t\t\t\t\t\t\t\t\t\t    <div class=\"meta-caption\">\n\t\t\t\t\t\t\t\t\t\t\t    \t<h5 class=\"color-white to-top mb8\"><\/h5>\n\t\t\t\t\t\t\t\t\t\t\t    \t<h6 class=\"color-white to-top-after\"><\/h6>\n\t\t\t\t\t\t\t\t\t\t\t    <\/div>\n\t\t\t\t\t\t\t\t\t\t\t<\/div>\n\t\t\t\t\t\t\t\t\t\t<\/a>\n\t\t\t\t\t\t\t\t\t<\/li><\/ul><\/div>[\/vc_column_text][\/vc_column][\/vc_row][vc_row tlg_background_style=\u00bbbg-secondary\u00bb tlg_text_align=\u00bbtext-center\u00bb el_id=\u00bbcontacto\u00bb][vc_column width=\u00bb1\/4&#8243;][\/vc_column][vc_column width=\u00bb1\/4&#8243;]<div class=\"text-center\"><i id=\"icon-69e4c1749fa24\" style=\"font-size:32px;color:#6c2b6c;margin:0 10px;\" class=\"ti-mobile circle-icon circle-icon-bg  wpb_animate_when_almost_visible wpb_appear appear inline-block custom-icon\"><\/i><\/div><div class=\"tlg-spacer \" data-height=\"30\" data-height-tablet=\"30\" data-height-mobile=\"30\" style=\"clear:both;display:block;height:30px;\"><\/div>[vc_column_text css_animation=\u00bbappear\u00bb]<\/p>\n<h2><span style=\"color: #6c2b6c;\"><strong>Mensaje Whatsapp<br \/>\n<\/strong><strong>3413-580-698<\/strong><br \/>\n<\/span><\/h2>\n<p>[\/vc_column_text][\/vc_column][vc_column width=\u00bb1\/4&#8243;]<div class=\"text-center\"><i id=\"icon-69e4c1749fa95\" style=\"font-size:32px;color:#6c2b6c;margin:0 10px;\" class=\"ti-location-pin circle-icon circle-icon-bg  wpb_animate_when_almost_visible wpb_appear appear inline-block custom-icon\"><\/i><\/div><div class=\"tlg-spacer \" data-height=\"30\" data-height-tablet=\"30\" data-height-mobile=\"30\" style=\"clear:both;display:block;height:30px;\"><\/div>[vc_column_text css_animation=\u00bbappear\u00bb]<\/p>\n<h2><strong><span style=\"color: #6c2b6c;\">Colombres Bis 660, Fisherton<\/span><\/strong><br \/>\n<strong><span style=\"color: #6c2b6c;\">(Colombres esquina French)<\/span><\/strong><\/h2>\n<p>[\/vc_column_text][\/vc_column][vc_column width=\u00bb1\/4&#8243;][\/vc_column][\/vc_row]<\/p>\n","protected":false},"excerpt":{"rendered":"<p>[vc_row full_width=\u00bbstretch_row\u00bb][vc_column][\/vc_column][\/vc_row][vc_row el_id=\u00bbgaleria\u00bb][vc_column][vc_column_text][\/vc_column_text][\/vc_column][\/vc_row][vc_row tlg_background_style=\u00bbbg-secondary\u00bb tlg_text_align=\u00bbtext-center\u00bb el_id=\u00bbcontacto\u00bb][vc_column width=\u00bb1\/4&#8243;][\/vc_column][vc_column width=\u00bb1\/4&#8243;][vc_column_text css_animation=\u00bbappear\u00bb] Mensaje Whatsapp 3413-580-698 [\/vc_column_text][\/vc_column][vc_column width=\u00bb1\/4&#8243;][vc_column_text css_animation=\u00bbappear\u00bb] Colombres&#8230;<\/p>\n","protected":false},"author":1,"featured_media":0,"parent":0,"menu_order":0,"comment_status":"closed","ping_status":"closed","template":"","meta":{"footnotes":""},"class_list":["post-5707","page","type-page","status-publish","hentry"],"_links":{"self":[{"href":"https:\/\/www.tercermilenium.com.ar\/sitio\/wp-json\/wp\/v2\/pages\/5707","targetHints":{"allow":["GET"]}}],"collection":[{"href":"https:\/\/www.tercermilenium.com.ar\/sitio\/wp-json\/wp\/v2\/pages"}],"about":[{"href":"https:\/\/www.tercermilenium.com.ar\/sitio\/wp-json\/wp\/v2\/types\/page"}],"author":[{"embeddable":true,"href":"https:\/\/www.tercermilenium.com.ar\/sitio\/wp-json\/wp\/v2\/users\/1"}],"replies":[{"embeddable":true,"href":"https:\/\/www.tercermilenium.com.ar\/sitio\/wp-json\/wp\/v2\/comments?post=5707"}],"version-history":[{"count":22,"href":"https:\/\/www.tercermilenium.com.ar\/sitio\/wp-json\/wp\/v2\/pages\/5707\/revisions"}],"predecessor-version":[{"id":6296,"href":"https:\/\/www.tercermilenium.com.ar\/sitio\/wp-json\/wp\/v2\/pages\/5707\/revisions\/6296"}],"wp:attachment":[{"href":"https:\/\/www.tercermilenium.com.ar\/sitio\/wp-json\/wp\/v2\/media?parent=5707"}],"curies":[{"name":"wp","href":"https:\/\/api.w.org\/{rel}","templated":true}]}}